{"id":79,"date":"2019-02-28T18:26:48","date_gmt":"2019-02-28T21:26:48","guid":{"rendered":"http:\/\/pesquisa.ufabc.edu.br\/pmalab\/?page_id=79"},"modified":"2021-08-26T06:30:20","modified_gmt":"2021-08-26T09:30:20","slug":"links","status":"publish","type":"page","link":"https:\/\/pesquisa.ufabc.edu.br\/pmalab\/links\/","title":{"rendered":"Links importantes"},"content":{"rendered":"<p>Aqui voc\u00ea encontrar\u00e1 links importantes para alunos e pesquisadores da \u00e1rea de Biofot\u00f4nica e Engenharia Biom\u00e9dica, assim como dicas para estudantes de trabalho de gradua\u00e7\u00e3o, inicia\u00e7\u00e3o cient\u00edfica e p\u00f3s-gradua\u00e7\u00e3o.<\/p>\n<hr \/>\n<h2><span style=\"color: #0000ff;\"><strong>Sociedades Cient\u00edficas<\/strong><\/span><\/h2>\n<ul>\n<li><strong>SBFOTON &#8211; Sociedade Brasileira de Fot\u00f4nica<\/strong> &#8211; <a href=\"https:\/\/www.sbfoton.org.br\/\">https:\/\/www.sbfoton.org.br\/<\/a><\/li>\n<li><strong>WFLD &#8211; World Federation for Lasers in Dentistry<\/strong> &#8211; <a href=\"https:\/\/wfldlaser.com\/\">https:\/\/wfldlaser.com\/<\/a><\/li>\n<li><strong>SPIE &#8211; The International Society for Optics and Photonics<\/strong> &#8211; <a href=\"https:\/\/spie.org\/?SSO=1\">https:\/\/spie.org\/?SSO=1<\/a><\/li>\n<li><strong>OSA &#8211; The Optical Society<\/strong> &#8211; <a href=\"https:\/\/www.osa.org\/en-us\/home\/\">https:\/\/www.osa.org\/en-us\/home\/<\/a><\/li>\n<li><strong>CLEO &#8211; Laser Science for Photonic Aplications<\/strong> &#8211; <a href=\"https:\/\/www.cleoconference.org\/home\/\">https:\/\/www.cleoconference.org\/home\/<\/a><\/li>\n<li><strong>ASLMS &#8211; American Society for Laser Medicine &amp; Surgery<\/strong> &#8211; <a href=\"https:\/\/www.aslms.org\/\">https:\/\/www.aslms.org\/<\/a><\/li>\n<li><strong>IEEE Photonics Society<\/strong> &#8211; <a href=\"https:\/\/www.photonicssociety.org\/\">https:\/\/www.photonicssociety.org\/<\/a><\/li>\n<li><strong>SBEB &#8211; Sociedade Brasileira de Engenharia Biom\u00e9dica<\/strong> &#8211; <a href=\"http:\/\/www.sbeb.org.br\/site\/\">http:\/\/www.sbeb.org.br\/site\/<\/a><\/li>\n<li><strong>ABFM &#8211; Associa\u00e7\u00e3o Brasileira de F\u00edsica M\u00e9dica<\/strong> &#8211; <a href=\"https:\/\/www.abfm.org.br\/\">https:\/\/www.abfm.org.br\/<\/a><\/li>\n<\/ul>\n<hr \/>\n<h2><strong><span style=\"color: #0000ff;\">Ag\u00eancias de Fomento Brasileiras<\/span><\/strong><\/h2>\n<ul>\n<li><strong>FAPESP<\/strong> &#8211; <a href=\"https:\/\/fapesp.br\/\">https:\/\/fapesp.br\/<\/a><\/li>\n<li><strong>CNPq<\/strong> &#8211; <a href=\"https:\/\/www.gov.br\/cnpq\/pt-br\">https:\/\/www.gov.br\/cnpq\/pt-br<\/a><\/li>\n<li><strong>CAPES<\/strong> &#8211;<a href=\"https:\/\/www.gov.br\/capes\/pt-br\"> https:\/\/www.gov.br\/capes\/pt-br<\/a><\/li>\n<\/ul>\n<hr \/>\n<h2><span style=\"color: #0000ff;\"><strong>Aux\u00edlio \u00e0 execu\u00e7\u00e3o de projetos de pesquisa<\/strong><\/span><\/h2>\n<ul>\n<li><strong>CEP &#8211; UFABC &#8211; Comit\u00ea de \u00c9tica em Pesquisa da UFABC<\/strong> &#8211; <a href=\"https:\/\/cep.ufabc.edu.br\/pt\/\">https:\/\/cep.ufabc.edu.br\/pt\/<\/a><\/li>\n<li><strong>CEUA &#8211; UFABC &#8211; Comiss\u00e3o de \u00c9tica em Uso de Animais<\/strong> &#8211;<a href=\"https:\/\/www.osa.org\/en-us\/home\/\"> http:\/\/comissoes.ufabc.edu.br\/ceua\/<\/a><\/li>\n<li><strong>Plataforma Brasil<\/strong> &#8211; <a href=\"https:\/\/plataformabrasil.saude.gov.br\/login.jsf\">https:\/\/plataformabrasil.saude.gov.br\/login.jsf<\/a><\/li>\n<li><strong>REBEC- Registro Brasileiros de Ensaios Cl\u00ednicos<\/strong> &#8211; <a href=\"https:\/\/ensaiosclinicos.gov.br\/\">https:\/\/ensaiosclinicos.gov.br\/<\/a><\/li>\n<li><strong>CEM &#8211; UFABC &#8211; Centrais Experimentais Multiusu\u00e1rio da UFABC<\/strong> &#8211; <a href=\"https:\/\/cem.propes.ufabc.edu.br\/\">https:\/\/cem.propes.ufabc.edu.br\/<\/a><\/li>\n<li><strong>Biot\u00e9rios &#8211; UFABC<\/strong> &#8211; <a href=\"https:\/\/propes.ufabc.edu.br\/divisoes\/bioterios\">https:\/\/propes.ufabc.edu.br\/divisoes\/bioterios<\/a><\/li>\n<\/ul>\n<hr \/>\n<h2><span style=\"color: #0000ff;\"><strong>Escrita de textos cient\u00edficos<\/strong><\/span><\/h2>\n<ul>\n<li><strong>Revis\u00e3o de textos em ingl\u00eas<\/strong> &#8211; plataforma online da Universidade de Cambridge para revisar textos em ingl\u00eas. Totalmente gratuita, com corre\u00e7\u00e3o em tempo real. &#8211; <a href=\"https:\/\/writeandimprove.com\/\">https:\/\/writeandimprove.com\/<\/a><\/li>\n<li>Pra quem quer corrigir o texto em portugu\u00eas ou ingl\u00eas de gra\u00e7a: https:\/\/languagetool.org\/<\/li>\n<li><strong>Como escrever um artigo no estilo e formato de um peri\u00f3dico cient\u00edfico<\/strong> &#8211; <a href=\"http:\/\/abacus.bates.edu\/~ganderso\/biology\/resources\/writing\/HTWtoc.html\">http:\/\/abacus.bates.edu\/~ganderso\/biology\/resources\/writing\/HTWtoc.html<\/a><\/li>\n<li><strong>Cinco erros comuns de escrita que novos cientistas cometem<\/strong> &#8211; texto que lista e comenta os principais erros gramaticais que os pesquisadores mais novos cometem ao escrever seus primeiros artigos cient\u00edficos em ingl\u00eas. &#8211; <a href=\"https:\/\/contemplativemammoth.com\/2018\/08\/21\/five-common-writing-mistakes-new-scientists-make\/\">https:\/\/contemplativemammoth.com\/2018\/08\/21\/five-common-writing-mistakes-new-scientists-make\/<\/a><\/li>\n<li><strong>Translators Cafe<\/strong> &#8211; tradutores e editores de texto em quase qualquer l\u00edngua &#8211; <a href=\"https:\/\/www.translatorscafe.com\/cafe\/default.asp\">https:\/\/www.translatorscafe.com\/cafe\/default.asp<\/a><\/li>\n<li><strong>ScienceDocs<\/strong> &#8211; revis\u00e3o e tradu\u00e7\u00e3o de textos em ingl\u00eas &#8211; <a href=\"https:\/\/www.sciencedocs.com\/\">https:\/\/www.sciencedocs.com\/<\/a><\/li>\n<li><strong>Scribendi<\/strong> &#8211; revis\u00e3o de texto em ingl\u00eas &#8211; <a href=\"https:\/\/www.scribendi.com\/\">https:\/\/www.scribendi.com\/<\/a><\/li>\n<li><strong>Menthor<\/strong> &#8211; ferramenta online e gratuita para colocar textos no formato ABNT automaticamente. &#8211; <a href=\"https:\/\/menthor.co\/reference.php\">https:\/\/menthor.co\/reference.php<\/a><\/li>\n<li><strong>Pl\u00e1gio &#8211; verificadores gratuitos online.<\/strong> &#8211; <a href=\"https:\/\/ijnet.org\/pt-br\/story\/cinco-verificadores-gratuitos-de-plagio-online\">https:\/\/ijnet.org\/pt-br\/story\/cinco-verificadores-gratuitos-de-plagio-online<\/a><\/li>\n<li><strong>Biblioteca da UFABC<\/strong> &#8211; Normas para escrita de disserta\u00e7\u00f5es e teses da UFABC &#8211; <a href=\"https:\/\/portal.biblioteca.ufabc.edu.br\/servicos\/normalizacao\">https:\/\/portal.biblioteca.ufabc.edu.br\/servicos\/normalizacao<\/a><\/li>\n<\/ul>\n\n\n<hr class=\"wp-block-separator\"\/>\n\n\n\n<h2 class=\"wp-block-heading\"><span class=\"has-inline-color has-vivid-cyan-blue-color\">Aux\u00edlio \u00e0 publica\u00e7\u00e3o de artigos<\/span><\/h2>\n\n\n\n<ul><li>Pra quem quer ver o ranking do fator de impacto de peri\u00f3dicos:<a rel=\"noreferrer noopener\" href=\"https:\/\/www.scimagojr.com\/journalrank.php\" target=\"_blank\"> https:\/\/www.scimagojr.com\/journalrank.php<\/a><\/li><li>Pra quem quer saber o tempo de espera para publicar num peri\u00f3dico: <a rel=\"noreferrer noopener\" href=\"https:\/\/scirev.org\/\" target=\"_blank\">https:\/\/scirev.org\/<\/a><\/li><li>Pra quem quer baixar artigos de revistas que tem acesso 100% aberto: <a rel=\"noreferrer noopener\" href=\"https:\/\/doaj.org\/\" target=\"_blank\">https:\/\/doaj.org\/<\/a><\/li><li>Pra quem quer encontrar uma revista pra publicar a partir do conte\u00fado do resumo do seu texto: <a rel=\"noreferrer noopener\" href=\"https:\/\/jane.biosemantics.org\/\" target=\"_blank\">https:\/\/jane.biosemantics.org\/<\/a>    ou                  <a href=\"https:\/\/journalfinder.elsevier.com\/\" target=\"_blank\" rel=\"noreferrer noopener\">https:\/\/journalfinder.elsevier.com\/ <\/a>                              ou <a href=\"https:\/\/journalsuggester.springer.com\/\" target=\"_blank\" rel=\"noreferrer noopener\">https:\/\/journalsuggester.springer.com\/<\/a><\/li><li>Pra quem quer baixar livros de gra\u00e7a (e legalmente): <a href=\"https:\/\/www.gutenberg.org\/\" target=\"_blank\" rel=\"noreferrer noopener\">https:\/\/www.gutenberg.org\/<\/a><\/li><li>Encontrou uma imagem de um artigo e n\u00e3o sabe de onde ela veio? Use um software para buscar imagens pra voc\u00ea: <a href=\"https:\/\/tineye.com\/\" target=\"_blank\" rel=\"noreferrer noopener\">https:\/\/tineye.com\/<\/a><\/li><\/ul>\n\n\n\n<p><\/p>\n\n\n\n<hr class=\"wp-block-separator\"\/>\n\n\n\n<p class=\"has-text-align-center\"><strong><span class=\"has-inline-color has-vivid-cyan-blue-color\">AS NOVE PERGUNTAS DE UM ARTIGO CIENT\u00cdFICO<\/span><\/strong><\/p>\n\n\n\n<figure class=\"wp-block-image size-full\"><img decoding=\"async\" loading=\"lazy\" width=\"800\" height=\"860\" src=\"https:\/\/pesquisa.ufabc.edu.br\/pmalab\/wp-content\/uploads\/2021\/07\/IMG_7604.jpg\" alt=\"\" class=\"wp-image-755\" srcset=\"https:\/\/pesquisa.ufabc.edu.br\/pmalab\/wp-content\/uploads\/2021\/07\/IMG_7604.jpg 800w, https:\/\/pesquisa.ufabc.edu.br\/pmalab\/wp-content\/uploads\/2021\/07\/IMG_7604-279x300.jpg 279w, https:\/\/pesquisa.ufabc.edu.br\/pmalab\/wp-content\/uploads\/2021\/07\/IMG_7604-768x826.jpg 768w\" sizes=\"(max-width: 800px) 100vw, 800px\" \/><\/figure>\n\n\n\n<hr class=\"wp-block-separator\"\/>\n\n\n\n<p class=\"has-text-align-center\"><strong><span class=\"has-inline-color has-vivid-cyan-blue-color\">Dicas de sobreviv\u00eancia para um aluno de p\u00f3s gradua\u00e7\u00e3o<\/span><\/strong><\/p>\n\n\n\n<figure class=\"wp-block-image size-large\"><img decoding=\"async\" loading=\"lazy\" width=\"816\" height=\"724\" src=\"https:\/\/pesquisa.ufabc.edu.br\/pmalab\/wp-content\/uploads\/2021\/07\/IMG_7145-1.jpg\" alt=\"\" class=\"wp-image-749\" srcset=\"https:\/\/pesquisa.ufabc.edu.br\/pmalab\/wp-content\/uploads\/2021\/07\/IMG_7145-1.jpg 816w, https:\/\/pesquisa.ufabc.edu.br\/pmalab\/wp-content\/uploads\/2021\/07\/IMG_7145-1-300x266.jpg 300w, https:\/\/pesquisa.ufabc.edu.br\/pmalab\/wp-content\/uploads\/2021\/07\/IMG_7145-1-768x681.jpg 768w\" sizes=\"(max-width: 816px) 100vw, 816px\" \/><\/figure>\n","protected":false},"excerpt":{"rendered":"<p>Aqui voc\u00ea encontrar\u00e1 links importantes para alunos e pesquisadores da \u00e1rea de Biofot\u00f4nica e Engenharia Biom\u00e9dica, assim como dicas para estudantes de trabalho de gradua\u00e7\u00e3o, inicia\u00e7\u00e3o cient\u00edfica e p\u00f3s-gradua\u00e7\u00e3o. Sociedades Cient\u00edficas SBFOTON &#8211; Sociedade Brasileira de Fot\u00f4nica &#8211; https:\/\/www.sbfoton.org.br\/ WFLD &#8211; World Federation for Lasers in Dentistry &#8211; https:\/\/wfldlaser.com\/ SPIE &#8211; The International Society for &hellip;<br \/><a href=\"https:\/\/pesquisa.ufabc.edu.br\/pmalab\/links\/\" class=\"more-link pen_button pen_element_default pen_icon_arrow_double\">Continue reading <span class=\"screen-reader-text\">Links importantes<\/span><\/a><\/p>\n","protected":false},"author":1,"featured_media":326,"parent":0,"menu_order":0,"comment_status":"closed","ping_status":"closed","template":"","meta":[],"_links":{"self":[{"href":"https:\/\/pesquisa.ufabc.edu.br\/pmalab\/wp-json\/wp\/v2\/pages\/79"}],"collection":[{"href":"https:\/\/pesquisa.ufabc.edu.br\/pmalab\/wp-json\/wp\/v2\/pages"}],"about":[{"href":"https:\/\/pesquisa.ufabc.edu.br\/pmalab\/wp-json\/wp\/v2\/types\/page"}],"author":[{"embeddable":true,"href":"https:\/\/pesquisa.ufabc.edu.br\/pmalab\/wp-json\/wp\/v2\/users\/1"}],"replies":[{"embeddable":true,"href":"https:\/\/pesquisa.ufabc.edu.br\/pmalab\/wp-json\/wp\/v2\/comments?post=79"}],"version-history":[{"count":26,"href":"https:\/\/pesquisa.ufabc.edu.br\/pmalab\/wp-json\/wp\/v2\/pages\/79\/revisions"}],"predecessor-version":[{"id":899,"href":"https:\/\/pesquisa.ufabc.edu.br\/pmalab\/wp-json\/wp\/v2\/pages\/79\/revisions\/899"}],"wp:featuredmedia":[{"embeddable":true,"href":"https:\/\/pesquisa.ufabc.edu.br\/pmalab\/wp-json\/wp\/v2\/media\/326"}],"wp:attachment":[{"href":"https:\/\/pesquisa.ufabc.edu.br\/pmalab\/wp-json\/wp\/v2\/media?parent=79"}],"curies":[{"name":"wp","href":"https:\/\/api.w.org\/{rel}","templated":true}]}}