{"id":789,"date":"2019-10-04T13:36:26","date_gmt":"2019-10-04T16:36:26","guid":{"rendered":"http:\/\/pesquisa.ufabc.edu.br\/macroamb\/?page_id=789"},"modified":"2019-11-13T09:24:25","modified_gmt":"2019-11-13T11:24:25","slug":"a-governanca-das-questoes-energeticas","status":"publish","type":"page","link":"https:\/\/pesquisa.ufabc.edu.br\/macroamb\/a-governanca-das-questoes-energeticas\/","title":{"rendered":"A governan\u00e7a das quest\u00f5es energ\u00e9ticas"},"content":{"rendered":"<p>[vc_row css=&#8221;.vc_custom_1569421553809{margin-top: 30px !important;margin-bottom: 0px !important;padding-bottom: 0px !important;}&#8221;][vc_column][vc_column_text]<\/p>\n<h1><span style=\"color: #003300;\"><strong>A governan\u00e7a das quest\u00f5es energ\u00e9ticas<\/strong><\/span><\/h1>\n<p>[\/vc_column_text][\/vc_column][\/vc_row][vc_row][vc_column width=&#8221;1\/2&#8243;][vc_column_text el_class=&#8221;grupos-txt&#8221;]A sociedade moderna consolidou seu desenvolvimento econ\u00f4mico a partir do consumo e gera\u00e7\u00e3o de energia atrav\u00e9s das fontes f\u00f3sseis. Como resultado, o uso desses recursos tornou-se alvo de intensas discuss\u00f5es sobre seu esgotamento e influ\u00eancia direta na emiss\u00e3o de poluentes ao ar, no aumento do efeito estufa natural e, por consequ\u00eancia, no desequil\u00edbrio do ciclo da vida no planeta. Ou seja, colocou-se em risco a seguran\u00e7a clim\u00e1tica e energ\u00e9tica gerando a necessidade de estabelecer novos mecanismos de governan\u00e7a que levem ao estabelecimento de uma matriz energ\u00e9tica mais renov\u00e1vel. Desta forma, este subprojeto define como quest\u00f5es energ\u00e9ticas a serem examinadas no contexto da Macrometr\u00f3pole Paulista: i) o consumo energ\u00e9tico nos sistemas de abastecimento de \u00e1gua e de coleta e tratamento do esgoto, visando a redu\u00e7\u00e3o desse consumo; ii) a diversifica\u00e7\u00e3o da oferta energ\u00e9tica com a amplia\u00e7\u00e3o de fontes energ\u00e9ticas renov\u00e1veis atrav\u00e9s da gest\u00e3o energ\u00e9tica descentralizada e gera\u00e7\u00e3o distribu\u00edda, e medidas para o aumento da efici\u00eancia energ\u00e9tica; iii) o papel dos governos locais (munic\u00edpios e regi\u00f5es metropolitanas) como gestores do uso dos recursos energ\u00e9ticos e o desenvolvimento das energias renov\u00e1veis como resposta \u00e0 nossa vulnerabilidade frente \u00e0s mudan\u00e7as e eventos extremos do clima, e como forma de assegurar o suprimento energ\u00e9tico na Macrometr\u00f3pole Paulista.[\/vc_column_text][\/vc_column][vc_column width=&#8221;1\/2&#8243;][vc_single_image image=&#8221;430&#8243; img_size=&#8221;1280&#215;720&#8243;][\/vc_column][\/vc_row][vc_row][vc_column width=&#8221;1\/2&#8243;][vc_text_separator title=&#8221;Coordenadores&#8221; color=&#8221;custom&#8221; border_width=&#8221;3&#8243; accent_color=&#8221;#1e73be&#8221; css=&#8221;.vc_custom_1569699256600{padding-bottom: 30px !important;}&#8221;][vc_column_text]<span style=\"font-weight: 400;\">C\u00e9lio Bermann (Pesquisador principal) <a href=\"http:\/\/lattes.cnpq.br\/4429686299726303\" target=\"_blank\" rel=\"noopener noreferrer\"><img data-attachment-id=\"763\" data-permalink=\"https:\/\/pesquisa.ufabc.edu.br\/macroamb\/governanca-de-saneamento-ambiental-e-analises-das-vulnerabilidades-na-macrometropole-paulista\/lattes\/\" data-orig-file=\"https:\/\/i1.wp.com\/pesquisa.ufabc.edu.br\/macroamb\/wp-content\/uploads\/2019\/09\/lattes.jpg?fit=25%2C30&amp;ssl=1\" data-orig-size=\"25,30\" data-comments-opened=\"1\" data-image-meta=\"{&quot;aperture&quot;:&quot;0&quot;,&quot;credit&quot;:&quot;&quot;,&quot;camera&quot;:&quot;&quot;,&quot;caption&quot;:&quot;&quot;,&quot;created_timestamp&quot;:&quot;0&quot;,&quot;copyright&quot;:&quot;&quot;,&quot;focal_length&quot;:&quot;0&quot;,&quot;iso&quot;:&quot;0&quot;,&quot;shutter_speed&quot;:&quot;0&quot;,&quot;title&quot;:&quot;&quot;,&quot;orientation&quot;:&quot;1&quot;}\" data-image-title=\"lattes\" data-image-description=\"\" data-medium-file=\"https:\/\/i1.wp.com\/pesquisa.ufabc.edu.br\/macroamb\/wp-content\/uploads\/2019\/09\/lattes.jpg?fit=25%2C30&amp;ssl=1\" data-large-file=\"https:\/\/i1.wp.com\/pesquisa.ufabc.edu.br\/macroamb\/wp-content\/uploads\/2019\/09\/lattes.jpg?fit=25%2C30&amp;ssl=1\" loading=\"lazy\" class=\"alignnone wp-image-763\" src=\"https:\/\/i1.wp.com\/pesquisa.ufabc.edu.br\/macroamb\/wp-content\/uploads\/2019\/09\/lattes.jpg?resize=17%2C20\" alt=\"\" width=\"17\" height=\"20\" data-recalc-dims=\"1\" \/><\/a><\/span>[\/vc_column_text][\/vc_column][vc_column width=&#8221;1\/2&#8243;][vc_text_separator title=&#8221;Pesquisadores&#8221; color=&#8221;custom&#8221; border_width=&#8221;3&#8243; accent_color=&#8221;#12751e&#8221; css=&#8221;.vc_custom_1573432856337{padding-top: 0px !important;padding-bottom: 30px !important;}&#8221;][vc_column_text]<span style=\"font-weight: 400;\">Lira Luz Benites L\u00e1zaro (P\u00f3s-doutoranda FSP\/USP) <a href=\"http:\/\/lattes.cnpq.br\/4648134943131346\" target=\"_blank\" rel=\"noopener noreferrer\"><img data-attachment-id=\"763\" data-permalink=\"https:\/\/pesquisa.ufabc.edu.br\/macroamb\/governanca-de-saneamento-ambiental-e-analises-das-vulnerabilidades-na-macrometropole-paulista\/lattes\/\" data-orig-file=\"https:\/\/i1.wp.com\/pesquisa.ufabc.edu.br\/macroamb\/wp-content\/uploads\/2019\/09\/lattes.jpg?fit=25%2C30&amp;ssl=1\" data-orig-size=\"25,30\" data-comments-opened=\"1\" data-image-meta=\"{&quot;aperture&quot;:&quot;0&quot;,&quot;credit&quot;:&quot;&quot;,&quot;camera&quot;:&quot;&quot;,&quot;caption&quot;:&quot;&quot;,&quot;created_timestamp&quot;:&quot;0&quot;,&quot;copyright&quot;:&quot;&quot;,&quot;focal_length&quot;:&quot;0&quot;,&quot;iso&quot;:&quot;0&quot;,&quot;shutter_speed&quot;:&quot;0&quot;,&quot;title&quot;:&quot;&quot;,&quot;orientation&quot;:&quot;1&quot;}\" data-image-title=\"lattes\" data-image-description=\"\" data-medium-file=\"https:\/\/i1.wp.com\/pesquisa.ufabc.edu.br\/macroamb\/wp-content\/uploads\/2019\/09\/lattes.jpg?fit=25%2C30&amp;ssl=1\" data-large-file=\"https:\/\/i1.wp.com\/pesquisa.ufabc.edu.br\/macroamb\/wp-content\/uploads\/2019\/09\/lattes.jpg?fit=25%2C30&amp;ssl=1\" loading=\"lazy\" class=\"alignnone wp-image-763\" src=\"https:\/\/i1.wp.com\/pesquisa.ufabc.edu.br\/macroamb\/wp-content\/uploads\/2019\/09\/lattes.jpg?resize=17%2C20\" alt=\"\" width=\"17\" height=\"20\" data-recalc-dims=\"1\" \/><\/a><\/span><\/p>\n<p><span style=\"font-weight: 400;\">Jucilene Galv\u00e3o (Pesquisadora associada) <a href=\"http:\/\/lattes.cnpq.br\/1739035659704056\" target=\"_blank\" rel=\"noopener noreferrer\"><img data-attachment-id=\"763\" data-permalink=\"https:\/\/pesquisa.ufabc.edu.br\/macroamb\/governanca-de-saneamento-ambiental-e-analises-das-vulnerabilidades-na-macrometropole-paulista\/lattes\/\" data-orig-file=\"https:\/\/i1.wp.com\/pesquisa.ufabc.edu.br\/macroamb\/wp-content\/uploads\/2019\/09\/lattes.jpg?fit=25%2C30&amp;ssl=1\" data-orig-size=\"25,30\" data-comments-opened=\"1\" data-image-meta=\"{&quot;aperture&quot;:&quot;0&quot;,&quot;credit&quot;:&quot;&quot;,&quot;camera&quot;:&quot;&quot;,&quot;caption&quot;:&quot;&quot;,&quot;created_timestamp&quot;:&quot;0&quot;,&quot;copyright&quot;:&quot;&quot;,&quot;focal_length&quot;:&quot;0&quot;,&quot;iso&quot;:&quot;0&quot;,&quot;shutter_speed&quot;:&quot;0&quot;,&quot;title&quot;:&quot;&quot;,&quot;orientation&quot;:&quot;1&quot;}\" data-image-title=\"lattes\" data-image-description=\"\" data-medium-file=\"https:\/\/i1.wp.com\/pesquisa.ufabc.edu.br\/macroamb\/wp-content\/uploads\/2019\/09\/lattes.jpg?fit=25%2C30&amp;ssl=1\" data-large-file=\"https:\/\/i1.wp.com\/pesquisa.ufabc.edu.br\/macroamb\/wp-content\/uploads\/2019\/09\/lattes.jpg?fit=25%2C30&amp;ssl=1\" loading=\"lazy\" class=\"alignnone wp-image-763\" src=\"https:\/\/i1.wp.com\/pesquisa.ufabc.edu.br\/macroamb\/wp-content\/uploads\/2019\/09\/lattes.jpg?resize=17%2C20\" alt=\"\" width=\"17\" height=\"20\" data-recalc-dims=\"1\" \/><\/a><\/span><\/p>\n<p><span style=\"font-weight: 400;\">Andrea Lampis (P\u00f3s-doutorando IEE\/USP) <a href=\"http:\/\/lattes.cnpq.br\/0344677950258747\" target=\"_blank\" rel=\"noopener noreferrer\"><img data-attachment-id=\"763\" data-permalink=\"https:\/\/pesquisa.ufabc.edu.br\/macroamb\/governanca-de-saneamento-ambiental-e-analises-das-vulnerabilidades-na-macrometropole-paulista\/lattes\/\" data-orig-file=\"https:\/\/i1.wp.com\/pesquisa.ufabc.edu.br\/macroamb\/wp-content\/uploads\/2019\/09\/lattes.jpg?fit=25%2C30&amp;ssl=1\" data-orig-size=\"25,30\" data-comments-opened=\"1\" data-image-meta=\"{&quot;aperture&quot;:&quot;0&quot;,&quot;credit&quot;:&quot;&quot;,&quot;camera&quot;:&quot;&quot;,&quot;caption&quot;:&quot;&quot;,&quot;created_timestamp&quot;:&quot;0&quot;,&quot;copyright&quot;:&quot;&quot;,&quot;focal_length&quot;:&quot;0&quot;,&quot;iso&quot;:&quot;0&quot;,&quot;shutter_speed&quot;:&quot;0&quot;,&quot;title&quot;:&quot;&quot;,&quot;orientation&quot;:&quot;1&quot;}\" data-image-title=\"lattes\" data-image-description=\"\" data-medium-file=\"https:\/\/i1.wp.com\/pesquisa.ufabc.edu.br\/macroamb\/wp-content\/uploads\/2019\/09\/lattes.jpg?fit=25%2C30&amp;ssl=1\" data-large-file=\"https:\/\/i1.wp.com\/pesquisa.ufabc.edu.br\/macroamb\/wp-content\/uploads\/2019\/09\/lattes.jpg?fit=25%2C30&amp;ssl=1\" loading=\"lazy\" class=\"alignnone wp-image-763\" src=\"https:\/\/i1.wp.com\/pesquisa.ufabc.edu.br\/macroamb\/wp-content\/uploads\/2019\/09\/lattes.jpg?resize=17%2C20\" alt=\"\" width=\"17\" height=\"20\" data-recalc-dims=\"1\" \/><\/a><\/span><\/p>\n<p><span style=\"font-weight: 400;\">Fl\u00e1via Mendes de Almeida Colla\u00e7o (Doutoranda IEE\/USP) <a href=\"http:\/\/lattes.cnpq.br\/0337493313205988\" target=\"_blank\" rel=\"noopener noreferrer\"><img data-attachment-id=\"763\" data-permalink=\"https:\/\/pesquisa.ufabc.edu.br\/macroamb\/governanca-de-saneamento-ambiental-e-analises-das-vulnerabilidades-na-macrometropole-paulista\/lattes\/\" data-orig-file=\"https:\/\/i1.wp.com\/pesquisa.ufabc.edu.br\/macroamb\/wp-content\/uploads\/2019\/09\/lattes.jpg?fit=25%2C30&amp;ssl=1\" data-orig-size=\"25,30\" data-comments-opened=\"1\" data-image-meta=\"{&quot;aperture&quot;:&quot;0&quot;,&quot;credit&quot;:&quot;&quot;,&quot;camera&quot;:&quot;&quot;,&quot;caption&quot;:&quot;&quot;,&quot;created_timestamp&quot;:&quot;0&quot;,&quot;copyright&quot;:&quot;&quot;,&quot;focal_length&quot;:&quot;0&quot;,&quot;iso&quot;:&quot;0&quot;,&quot;shutter_speed&quot;:&quot;0&quot;,&quot;title&quot;:&quot;&quot;,&quot;orientation&quot;:&quot;1&quot;}\" data-image-title=\"lattes\" data-image-description=\"\" data-medium-file=\"https:\/\/i1.wp.com\/pesquisa.ufabc.edu.br\/macroamb\/wp-content\/uploads\/2019\/09\/lattes.jpg?fit=25%2C30&amp;ssl=1\" data-large-file=\"https:\/\/i1.wp.com\/pesquisa.ufabc.edu.br\/macroamb\/wp-content\/uploads\/2019\/09\/lattes.jpg?fit=25%2C30&amp;ssl=1\" loading=\"lazy\" class=\"alignnone wp-image-763\" src=\"https:\/\/i1.wp.com\/pesquisa.ufabc.edu.br\/macroamb\/wp-content\/uploads\/2019\/09\/lattes.jpg?resize=17%2C20\" alt=\"\" width=\"17\" height=\"20\" data-recalc-dims=\"1\" \/><\/a> <\/span><\/p>\n<p><span style=\"font-weight: 400;\">Mariana Nunes de Moura Souza (Doutoranda IEE\/USP) <a href=\"http:\/\/lattes.cnpq.br\/6807619537782005\" target=\"_blank\" rel=\"noopener noreferrer\"><img data-attachment-id=\"763\" data-permalink=\"https:\/\/pesquisa.ufabc.edu.br\/macroamb\/governanca-de-saneamento-ambiental-e-analises-das-vulnerabilidades-na-macrometropole-paulista\/lattes\/\" data-orig-file=\"https:\/\/i1.wp.com\/pesquisa.ufabc.edu.br\/macroamb\/wp-content\/uploads\/2019\/09\/lattes.jpg?fit=25%2C30&amp;ssl=1\" data-orig-size=\"25,30\" data-comments-opened=\"1\" data-image-meta=\"{&quot;aperture&quot;:&quot;0&quot;,&quot;credit&quot;:&quot;&quot;,&quot;camera&quot;:&quot;&quot;,&quot;caption&quot;:&quot;&quot;,&quot;created_timestamp&quot;:&quot;0&quot;,&quot;copyright&quot;:&quot;&quot;,&quot;focal_length&quot;:&quot;0&quot;,&quot;iso&quot;:&quot;0&quot;,&quot;shutter_speed&quot;:&quot;0&quot;,&quot;title&quot;:&quot;&quot;,&quot;orientation&quot;:&quot;1&quot;}\" data-image-title=\"lattes\" data-image-description=\"\" data-medium-file=\"https:\/\/i1.wp.com\/pesquisa.ufabc.edu.br\/macroamb\/wp-content\/uploads\/2019\/09\/lattes.jpg?fit=25%2C30&amp;ssl=1\" data-large-file=\"https:\/\/i1.wp.com\/pesquisa.ufabc.edu.br\/macroamb\/wp-content\/uploads\/2019\/09\/lattes.jpg?fit=25%2C30&amp;ssl=1\" loading=\"lazy\" class=\"alignnone wp-image-763\" src=\"https:\/\/i1.wp.com\/pesquisa.ufabc.edu.br\/macroamb\/wp-content\/uploads\/2019\/09\/lattes.jpg?resize=17%2C20\" alt=\"\" width=\"17\" height=\"20\" data-recalc-dims=\"1\" \/><\/a><\/span><\/p>\n<p><span style=\"font-weight: 400;\">Jo\u00e3o Mott Pavanelli (Doctorando IEE\/USP)<br \/>\n<\/span><a href=\"http:\/\/buscatextual.cnpq.br\/buscatextual\/visualizacv.do?id=K8173478T5\"><span style=\"font-weight: 400;\">http:\/\/buscatextual.cnpq.br\/buscatextual\/visualizacv.do?id=K8173478T5<\/span><\/a><\/p>\n<p><span style=\"font-weight: 400;\">Guilherme Pedroso (Pesquisador associado IEE\/USP) <a href=\"http:\/\/lattes.cnpq.br\/6840138572215736\" target=\"_blank\" rel=\"noopener noreferrer\"><img data-attachment-id=\"763\" data-permalink=\"https:\/\/pesquisa.ufabc.edu.br\/macroamb\/governanca-de-saneamento-ambiental-e-analises-das-vulnerabilidades-na-macrometropole-paulista\/lattes\/\" data-orig-file=\"https:\/\/i1.wp.com\/pesquisa.ufabc.edu.br\/macroamb\/wp-content\/uploads\/2019\/09\/lattes.jpg?fit=25%2C30&amp;ssl=1\" data-orig-size=\"25,30\" data-comments-opened=\"1\" data-image-meta=\"{&quot;aperture&quot;:&quot;0&quot;,&quot;credit&quot;:&quot;&quot;,&quot;camera&quot;:&quot;&quot;,&quot;caption&quot;:&quot;&quot;,&quot;created_timestamp&quot;:&quot;0&quot;,&quot;copyright&quot;:&quot;&quot;,&quot;focal_length&quot;:&quot;0&quot;,&quot;iso&quot;:&quot;0&quot;,&quot;shutter_speed&quot;:&quot;0&quot;,&quot;title&quot;:&quot;&quot;,&quot;orientation&quot;:&quot;1&quot;}\" data-image-title=\"lattes\" data-image-description=\"\" data-medium-file=\"https:\/\/i1.wp.com\/pesquisa.ufabc.edu.br\/macroamb\/wp-content\/uploads\/2019\/09\/lattes.jpg?fit=25%2C30&amp;ssl=1\" data-large-file=\"https:\/\/i1.wp.com\/pesquisa.ufabc.edu.br\/macroamb\/wp-content\/uploads\/2019\/09\/lattes.jpg?fit=25%2C30&amp;ssl=1\" loading=\"lazy\" class=\"alignnone wp-image-763\" src=\"https:\/\/i1.wp.com\/pesquisa.ufabc.edu.br\/macroamb\/wp-content\/uploads\/2019\/09\/lattes.jpg?resize=17%2C20\" alt=\"\" width=\"17\" height=\"20\" data-recalc-dims=\"1\" \/><\/a><\/span><\/p>\n<p><span style=\"font-weight: 400;\">Raiana Schirmer Soares (Mestranda IEE\/USP) <a href=\"http:\/\/lattes.cnpq.br\/5309320739052549\" target=\"_blank\" rel=\"noopener noreferrer\"><img data-attachment-id=\"763\" data-permalink=\"https:\/\/pesquisa.ufabc.edu.br\/macroamb\/governanca-de-saneamento-ambiental-e-analises-das-vulnerabilidades-na-macrometropole-paulista\/lattes\/\" data-orig-file=\"https:\/\/i1.wp.com\/pesquisa.ufabc.edu.br\/macroamb\/wp-content\/uploads\/2019\/09\/lattes.jpg?fit=25%2C30&amp;ssl=1\" data-orig-size=\"25,30\" data-comments-opened=\"1\" data-image-meta=\"{&quot;aperture&quot;:&quot;0&quot;,&quot;credit&quot;:&quot;&quot;,&quot;camera&quot;:&quot;&quot;,&quot;caption&quot;:&quot;&quot;,&quot;created_timestamp&quot;:&quot;0&quot;,&quot;copyright&quot;:&quot;&quot;,&quot;focal_length&quot;:&quot;0&quot;,&quot;iso&quot;:&quot;0&quot;,&quot;shutter_speed&quot;:&quot;0&quot;,&quot;title&quot;:&quot;&quot;,&quot;orientation&quot;:&quot;1&quot;}\" data-image-title=\"lattes\" data-image-description=\"\" data-medium-file=\"https:\/\/i1.wp.com\/pesquisa.ufabc.edu.br\/macroamb\/wp-content\/uploads\/2019\/09\/lattes.jpg?fit=25%2C30&amp;ssl=1\" data-large-file=\"https:\/\/i1.wp.com\/pesquisa.ufabc.edu.br\/macroamb\/wp-content\/uploads\/2019\/09\/lattes.jpg?fit=25%2C30&amp;ssl=1\" loading=\"lazy\" class=\"alignnone wp-image-763\" src=\"https:\/\/i1.wp.com\/pesquisa.ufabc.edu.br\/macroamb\/wp-content\/uploads\/2019\/09\/lattes.jpg?resize=17%2C20\" alt=\"\" width=\"17\" height=\"20\" data-recalc-dims=\"1\" \/><\/a><\/span><\/p>\n<p><span style=\"font-weight: 400;\">Douglas Wittmann (Pesquisador associado IEE\/USP) <a href=\"http:\/\/lattes.cnpq.br\/6540803842670708\" target=\"_blank\" rel=\"noopener noreferrer\"><img data-attachment-id=\"763\" data-permalink=\"https:\/\/pesquisa.ufabc.edu.br\/macroamb\/governanca-de-saneamento-ambiental-e-analises-das-vulnerabilidades-na-macrometropole-paulista\/lattes\/\" data-orig-file=\"https:\/\/i1.wp.com\/pesquisa.ufabc.edu.br\/macroamb\/wp-content\/uploads\/2019\/09\/lattes.jpg?fit=25%2C30&amp;ssl=1\" data-orig-size=\"25,30\" data-comments-opened=\"1\" data-image-meta=\"{&quot;aperture&quot;:&quot;0&quot;,&quot;credit&quot;:&quot;&quot;,&quot;camera&quot;:&quot;&quot;,&quot;caption&quot;:&quot;&quot;,&quot;created_timestamp&quot;:&quot;0&quot;,&quot;copyright&quot;:&quot;&quot;,&quot;focal_length&quot;:&quot;0&quot;,&quot;iso&quot;:&quot;0&quot;,&quot;shutter_speed&quot;:&quot;0&quot;,&quot;title&quot;:&quot;&quot;,&quot;orientation&quot;:&quot;1&quot;}\" data-image-title=\"lattes\" data-image-description=\"\" data-medium-file=\"https:\/\/i1.wp.com\/pesquisa.ufabc.edu.br\/macroamb\/wp-content\/uploads\/2019\/09\/lattes.jpg?fit=25%2C30&amp;ssl=1\" data-large-file=\"https:\/\/i1.wp.com\/pesquisa.ufabc.edu.br\/macroamb\/wp-content\/uploads\/2019\/09\/lattes.jpg?fit=25%2C30&amp;ssl=1\" loading=\"lazy\" class=\"alignnone wp-image-763\" src=\"https:\/\/i1.wp.com\/pesquisa.ufabc.edu.br\/macroamb\/wp-content\/uploads\/2019\/09\/lattes.jpg?resize=17%2C20\" alt=\"\" width=\"17\" height=\"20\" data-recalc-dims=\"1\" \/><\/a><\/span><\/p>\n<p><span style=\"font-weight: 400;\">Mateus Moreira<\/span>[\/vc_column_text][\/vc_column][\/vc_row]<\/p>\n","protected":false},"excerpt":{"rendered":"<p>[vc_row css=&#8221;.vc_custom_1569421553809{margin-top: 30px !important;margin-bottom: 0px !important;padding-bottom: 0px !important;}&#8221;][vc_column][vc_column_text] A governan\u00e7a das quest\u00f5es energ\u00e9ticas [\/vc_column_text][\/vc_column][\/vc_row][vc_row][vc_column width=&#8221;1\/2&#8243;][vc_column_text el_class=&#8221;grupos-txt&#8221;]A sociedade moderna consolidou seu desenvolvimento econ\u00f4mico a partir do consumo e gera\u00e7\u00e3o de energia atrav\u00e9s das fontes f\u00f3sseis. Como resultado, o uso desses recursos tornou-se alvo de intensas discuss\u00f5es sobre seu esgotamento e influ\u00eancia direta na emiss\u00e3o de poluentes<a class=\"read-more\" href=\"https:\/\/pesquisa.ufabc.edu.br\/macroamb\/a-governanca-das-questoes-energeticas\/\">Continue reading <i class=\"fal fa-angle-right\"><\/i><\/a><\/p>\n","protected":false},"author":4,"featured_media":425,"parent":0,"menu_order":0,"comment_status":"closed","ping_status":"closed","template":"","meta":{"spay_email":""},"jetpack_sharing_enabled":true,"jetpack_shortlink":"https:\/\/wp.me\/PaRCEa-cJ","jetpack-related-posts":[],"_links":{"self":[{"href":"https:\/\/pesquisa.ufabc.edu.br\/macroamb\/wp-json\/wp\/v2\/pages\/789"}],"collection":[{"href":"https:\/\/pesquisa.ufabc.edu.br\/macroamb\/wp-json\/wp\/v2\/pages"}],"about":[{"href":"https:\/\/pesquisa.ufabc.edu.br\/macroamb\/wp-json\/wp\/v2\/types\/page"}],"author":[{"embeddable":true,"href":"https:\/\/pesquisa.ufabc.edu.br\/macroamb\/wp-json\/wp\/v2\/users\/4"}],"replies":[{"embeddable":true,"href":"https:\/\/pesquisa.ufabc.edu.br\/macroamb\/wp-json\/wp\/v2\/comments?post=789"}],"version-history":[{"count":7,"href":"https:\/\/pesquisa.ufabc.edu.br\/macroamb\/wp-json\/wp\/v2\/pages\/789\/revisions"}],"predecessor-version":[{"id":869,"href":"https:\/\/pesquisa.ufabc.edu.br\/macroamb\/wp-json\/wp\/v2\/pages\/789\/revisions\/869"}],"wp:featuredmedia":[{"embeddable":true,"href":"https:\/\/pesquisa.ufabc.edu.br\/macroamb\/wp-json\/wp\/v2\/media\/425"}],"wp:attachment":[{"href":"https:\/\/pesquisa.ufabc.edu.br\/macroamb\/wp-json\/wp\/v2\/media?parent=789"}],"curies":[{"name":"wp","href":"https:\/\/api.w.org\/{rel}","templated":true}]}}